0 - (-27 - -21)?
-1
-53 + 23 - -23 - -6
-1
-2 - 6 - (88 + -111)
15
What is -10 - (1 + -3 - -8) - (-27 + 18)?
-7
Calculate 0 + (-5 - -10) - (6 + 1) - -7.
5
What is 45 + -12 + -24 + 20?
29
Evaluate (2 - (-17 - -28)) + (-1 - -27).
17
What is the value of (9 - 1) + -307 + 306?
7
Calculate (-45 - -48) + -4 + -4 + 3 + -9.
-11
What is (2 - -3) + (-11 - (18 + -18))?
-6
Evaluate 49 + (16 - 34) - 16 - 37.
-22
What is (6 + 5 - 17) + 8 + -7?
-5
What is the value of 21 + 0 + -422 + 423?
22
Calculate (-11 - (1 - (47 - 8))) + -11.
16
What is the value of 8 + (6 - (43 - 26))?
-3
What is the value of -135 + 130 + (19 - -2) + 3 + 5?
24
Evaluate -6 + (2 + 8 + 0 - (-69 + 102)).
-29
330 + -327 - ((19 - 3) + -2)
-11
What is (-41 - -49) + (-20 - (-6 - -1))?
-7
Evaluate (-4 - 2) + -19 + (0 - (-14 - -5)).
-16
25 - (-13 - -9) - 16
13
Evaluate -1056 + 1072 + 0 + -37.
-21
Evaluate (-2 - 5) + 1 + (1 - -8) - -12.
15
What is the value of 200 + -190 + (-4 - (-1 + 2))?
5
Calculate (-14 - -19) + (0 - -14) + (-1 - -1).
19
Calculate 9 - -6 - 13 - -11.
13
What is -15 + 23 - (3 + (0 - 0))?
5
What is the value of -13 - -26 - (1 + 5)?
7
Evaluate -7 - -15 - (-36 - -63).
-19
Evaluate (-23 - -1 - 5) + 23 + -12.
-16
What is -18 + (4 - (10 - (15 - 3)))?
-12
What is the value of 8 + (13 - 4 - 16)?
1
Calculate 6 + 22 + -15 - 26.
-13
Evaluate -44 - (-20 - (7 - 3)).
-20
Evaluate -15 + (22 - (7 - 1) - 10).
-9
What is the value of -17 - (-18 + -21 - -4)?
18
6 - (9 - 7 - (0 - -3)) - -11
18
Evaluate 5 + -2 + -15 + 5 + 45.
38
Calculate 38 + (-11 - -4) - 16.
15
What is 0 - -9 - (-4 - (17 - 31))?
-1
What is the value of 3 + (2 + -9 + 6 - -6)?
8
(-1 + 5 - 1 - 0 - 5) + 2
0
Evaluate -15 - (-5 + 12 - (7 + -3 - -10)).
-8
What is 66 + -59 + (1 - 24)?
-16
What is -8 - (11 - (-13 - -19) - (1 - -9))?
-3
-21 + 3 - (98 - 125)
9
What is ((-1 - (2 + 2)) + -1 - -13) + -29?
-22
What is -15 - (-25 + (-16 - -34))?
-8
Evaluate 10 - 0 - (18 + (-57 - -11 - -17)).
21
What is the value of -21 - -1 - (-8 - (-9 - -4))?
-17
-1 - -8 - (10 + -13)
10
What is the value of 0 + 16 - (12 + 32) - -9?
-19
9 + 0 + 30 + -32
7
What is -5 + (26 - 21) + -19?
-19
Evaluate 2 - 0 - (22 + -9 - 20).
9
What is 19 + (-6 - (-9 + 21 + -11 - 12))?
24
Evaluate 2 - ((-6 - (20 - 1)) + 9).
18
Evaluate (-509 - -537) + -47 + 1.
-18
5 - (26 - (5 + -9 - -14))
-11
Calculate 9 + 21 + (-9 - ((6 - -2) + -7)).
20
Evaluate 8 + 4 + -1 + 2 - (-7 + 17).
3
What is the value of -3 - ((-121 - -97) + (-1 - -2 - -5))?
15
What is the value of -19 - ((7 - 5) + (22 - 25))?
-18
Evaluate -1 + -5 - (-10 - -15 - (-2 + 12)).
-1
Calculate -21 + (-30 - -22 - -47).
18
What is (-3 - -13) + 9 + -9 + -2 + -2?
6
What is -18 + 1 + (-4 - -1)?
-20
Calculate -7 - (1 + 0 - (8 - (-2 - -9))).
-7
Evaluate 16 - (27 + 0 + (272 - 274)).
-9
What is the value of -31 + 2 - (-3 + -1 + (-1 - 3))?
-21
Calculate (1 - (6 + -11)) + -10 - (-3 + 4).
-5
What is the value of 3 + -5 + -3 + 5 + -8?
-8
What is -29 + (32 - 16) - -12?
-1
What is 5 - (32 - (5 - -4 - -1))?
-17
(-12 - -2) + 0 - (281 - 286) - -20
15
Calculate -21 - -30 - (-6 + -1 + 5).
11
Evaluate 281 + -285 - (-7 + -1).
4
What is -16 - -8 - (-74 + 66)?
0
-21 + 4 + 10 + -8 - -27
12
16 + 0 + (-113 - -111)
14
Evaluate (-23 - -24) + (-6 - 1) + -9.
-15
What is (-8 + 3 - -14) + 2 + -11?
0
(5 + -35 - -19) + (18 - 0)
7
What is -8 + (68 - 27) + -16?
17
Evaluate -2 + (3 - (1 - 2)) - (-156 - -155).
3
(0 - -47) + -16 - 14
17
Calculate -1 + -2 + 10 - (2 + -1 + 3).
3
What is the value of 0 + (11 - 1) - (-24 + 50 + -12)?
-4
What is -4 - (-1 - 1 - (11 - -1) - -4)?
6
What is (5 - -6 - 37) + 24?
-2
What is the value of 7 + (-11 - -4) - (5 + 2) - 1?
-8
Calculate 56 + -54 + (-6 - 1).
-5
96 + -110 - (1 + -9 + 1)
-7
What is 4 + 6 - (5 + 2 + 1)?
2
8 - (14 + 1) - -6 - -2
1
Evaluate -1 + -6 + (15 - (21 + -29 - 5)).
21
Calculate -8 - (-24 + -3 + 9).
10
Evaluate -49 + 41 + (9 - (1 - (5 + -6))).
-1
Calculate 56 + -35 - -20 - (0 - -6).
35
What is 53 + -55 - (5 - 9)?
2
(-15 - (-3 - -8)) + 7 - -10
-3
-5 + (-6 + 3 + 3 + -3 - 4)
-12
What is the value of -9 + (8 - (-9 - -3) - (8 - 3))?
0
What is the value of 8 + 19 + (2 + -6 - -6) + -10?
19
Evaluate 7 + (19 + -10 - 22).
-6
Evaluate (106 + -40 - 77) + (2 - 5).
-14
Calculate -4 + -8 + -3 + 18.
3
-7 - (2 - (7 - -3 - -7))
8
Evaluate 45 - 19 - (-10 + 15).
21
Calculate -17 + 39 + -23 + 0 + (-5 - -1).
-5
Calculate (-10 + -2 - -7) + (-2 - -12).
5
-27 - -30 - (-2 - -10)
-5
What is 3 + -3 + 10 - 6 - -11?
15
What is (-50 - -47) + -10 + -2?
-15
-10 - (38 - 12 - 18)
-18
Evaluate 0 + -20 - (-32 - -52 - 29).
-11
-1734 + 1726 - (-1 - -12)
-19
What is (3 - (-5 - -2) - 9) + 3 - 4?
-4
Calculate (-41 - -46) + (3 + -13 - (11 + -17)).
1
Calculate (0 - -7 - 1) + 0 + (-21 - -23).
8
What is -2 - (11 - (25 + -14))?
-2
Evaluate 602 - 591 - (-1 - -6).
6
-13 + -8 + 26 - 3 - 2
0
What is 12 - 40 - -30 - 20?
-18
What is 3 + (-15 - (-11 + 10))?
-11
What is -8 + 0 - (-5 + 7) - 5?
-15
What is the value of (-13 - 5 - -10) + (-7 + 10 - -3)?
-2
7 + (-98 + 101 - ((-8 - 1) + 1))
18
Evaluate -5 - (-5 - (4 + -21)).
-17
What is the value of -11 + 11 - (8 - 0) - (-54 + 73)?
-27
Calculate 2 + (1 - -1) - (-2 + 3) - 16.
-13
What is the value of 121 + -105 + (-4 - -1)?
13
Evaluate (-13 - (4 + 2 - 14)) + 12.
7
Evaluate -9 - (-20 + 10) - (3 + 1) - -13.
10
Calculate 2 + (49 - 41) + -15 + 3.
-2
22 - (-8 - -3) - (26 + -21)
22
1 + 2 - -3 - (7 + -2)
1
2 + -26 + 11 - -25
12
Evaluate (8 - 1 - 21) + 16.
2
What is the value of -1 + 14 + (439 - 467)?
-15
What is the value of -10 - (1 - (-3 + (-1 - -7)))?
-8
What is (-8 - (-14 + 20 + -19)) + -17?
-12
-2 + (10 - (-5 + 9)) - (-2 - -4)
2
-22 + (-35 + 10 - -32)
-15
Evaluate (-3 - (1 - 3)) + (-13 + -5 - -13).
-6
What is -16 + (-13 - -17) - -22?
10
What is 3 + 11 - -7 - 13?
8
What is 0 + (-3 + 0 - (1 - -7 - 9))?
-2
What is the value of -6 - (11 + (7 - 17))?
-7
-7 + 27 - (-54 - -66)
8
What is 3 + (-4 - 0) + -5 + 13 + 3?
10
What is the value of 2 + (-3 - -2) + (-12 - -14 - 2)?
1
115 + -107 + (-6 - -1) - (-22 - -5)
20
-18 + 14 + (0 - 10)
-14
What is the value of 3 - (-6 + 4 + -9 + (6 - 1))?
9
What is the value of -11 - (1 + 1 + -23 + 16 + -1)?
-5
Calculate 24 + -1 + -16 + 5 + 5 + 0.
17
What is the value of (71 - 78) + 0 + (-1 - 4)?
-12
Calculate (-7 - 6) + 18 + -10.
-5
What is -7 - (11 - 1 - (26 + -14))?
-5
Calculate 24 + (-11 - (-12 - -10 - 1)).
16
What is the value of (209 - 206) + -1 + 7 - (-1 + -1)?
11
2 + (3 - (3 - 3)) - (115 - 77)
-33
Calculate -5 + 11 - (-1 - -4) - 5 - -12.
10
What is the value of 18 + (-8 - 17) - (2 - 7)?
-2
Calculate (-1 - -2) + (-18 - -17).
0
Evaluate -137 + 134 + (1 - -19).
17
Calculate (-6 - -31 - 8) + 0 + -10.
7
What is -14 + 9 + 7 + 6 - 31?
-23
-7 - (2 - -7 - 10) - -3
-3
-6 + 29 + -7 - 35
-19
What is -5 - (1 + -1 + -6 - (437 - 441))?
-3
Evaluate 65 + -69 + (-5 - -1 - (0 - 1)).
-7
(-16 + 7 - (-2 + -2 + 2)) + 18
11
What is the value of 72 - (-15 + 54) - 2?
31
-1 + -3 - (-320 + 316)
0
Evaluate 0 + (9 - (6 + 8) - -6).
1
(-1 + -2 - (-80 + 73)) + 10 + 5
19
-33 - (-12 + 9 + -5 + 1)
-26
What is -18 + 40 + -15 - (1 + 2)?
4
What is -22 + 7 + 4 + 0 + -3 + 1?
-13
-48 + 19 + 18 - 8 - -52
33
Calculate 0 - (-16 + (7 - -4)).
5
Evaluate (-32 - -27) + -5 - (-13 - -1).
2
Evaluate -10 - (6 - -1 - (41 - 20)).
4
Evaluate 17 - (-70 - -56 - (-19 - -2)).
14
What is 8 + -5 + 3 + (3 - 6) - 10?
-7
Calculate 1 + -4 + (7 - (0 - -3)) + -3.
-2
What is the value of -6 + -12 + 0 - (60 + -70)?
-8
Calculate -1 + -2 + (-7 + 0 - -13) + -10.
-7
What is the value of (12 - 6) + -9 - (1 + 3)?
-7
16 + (0 - 8 - -2)
10
What is the value of -6 + 0 - (-366 + 369)?
-9
-12 + -11 + 14 + 23
14
Evaluate 0 + 3 + 115 + -117.
1
Calculate -2 + (-7 - (12 - 29)).
8
Evaluate -8 + -5 + (4 - (-23 - -3)).
11
What is 16 + 2 - 2 - (-82 - (2 + -73))?
27
What is the value of 4 - 11 - (28 - 13)?
-22
Calculate 2 + 9 + -6 + 3 + 7 + -38.
-23
Evaluate (-16 - -14 - (-3 - (-1 + 1))) + 4.
5
Calculate 2 + (-17 - (-10 + 2)) - (-8 - -2).
-1
4 + -4 + (20 - -1)
21
What is (14 - 0 - (-52 + 64)) + -16?
-14
(13 - (-6 - 0)) + -28
-9
Evaluate 1 + (-22 - -6 - -10).
-5
Evaluate (1 - ((2 - -2) + 2)) + (3 - -19).
17
What is 3 + -3 + 1 - (-18 + (-35 - -47))?
7
What is the value of -13 + 1 + -5 + 56 + -39?
0
What is the value of 0 + 1 - (229 - 222)?
-6
22 + (-31 - -25) - (3 - 5)
18
-20 + 45 + 17 + -18
